Suppose 16 = -r + 17. Let t(g) = 13*g - 6*g + r - 8*g. What is t(s)?
4
Let n(d) = -d**2 + 21*d - 102. Let k = 11534 - 11523. What is n(k)?
8
Let s be (-720)/504 + 135/(-175) + 2/10. Let w(b) = 2*b**2 - 3*b**2 + 6 - 3. Determine w(s).
-1
Let n(x) = 122*x**2 - 31*x + 23. Let z(w) = -76*w**2 + 20*w - 15. Let v(p) = 5*n(p) + 8*z(p). Give v(-6).
37
Let y(v) = -7*v**2 + 98*v**3 + 89*v**3 - 186*v**3 + 2. Let h(d) = -3*d. Let j be h(2). Let l be ((-4)/j)/((-14)/(-147)). Determine y(l).
2
Let k(s) = -20*s**3 - 1. Let q(f) = -f**3. Let v(x) = k(x) - 4*q(x). Let p(d) = -d**2 - 28*d - 32*d + 25*d - 287. Let j be p(-22). What is v(j)?
15
Let k(f) = -141*f - 90*f + 230*f + 24. Give k(-21).
45
Let j be -2 + -2 - 11/(99/90). Let t be -9 + 8 - (j + 6). Let q(k) = -k**2 + 9*k - 16. Calculate q(t).
-2
Let o(d) be the second derivative of d**5/20 + d**4/2 + d**3/2 - d**2 - 18*d. Let f(k) = 4 - 3*k**2 + k**2 + 3*k + k**2 + 0*k**2. Let c be f(-2). What is o(c)?
-20
Let t(z) = -3*z - 10. Let a(k) = 6*k + 11. Let v(x) = 3*a(x) + 4*t(x). What is v(11)?
59
Let d be (1 - (-9)/(-5)) + (-5016)/(-1045). Let z(q) = -q**2 + 6*q - 5. What is z(d)?
3
Let s(g) = 12*g - 6*g - 7*g + 21. Let p = 436 - 436. Determine s(p).
21
Let l(i) = -4*i + 44. Suppose 63*w - 107 = 397. Determine l(w).
12
Let z(m) = 88 - 31 + 6 - 14*m + 4*m. Calculate z(9).
-27
Let f(v) = v**3 - 6*v**2 - 5*v - 7. Let n be ((-1)/(-2))/(2/8). Suppose -3*y = x - 10, n*x + 0*y + y = 15. Calculate f(x).
7
Let y(d) = d - 8. Suppose -u - 3*b + 7*b = -133, -5*u + 3*b = -665. Let q = 139 - u. Determine y(q).
-2
Let a(p) = -p + 7. Suppose 4*r = -3*z + 51, 0*r = -2*r - 2*z + 28. Let n be a(r). Let d(k) = -1 - 36*k**2 + 9*k**2 + 11*k**2 + 14*k**2. What is d(n)?
-9
Let m(z) be the third derivative of -13*z**4/24 + z**3/2 + 62*z**2. Let a(p) = -11*p + 3. Let l(k) = 6*a(k) - 5*m(k). Determine l(7).
-4
Let g(j) = -3*j**2 - 4*j - 5. Let u(v) = -6*v + 152. Let q be u(26). Let a be 48/(-27) - q/54*-3. Give g(a).
-9
Let q(t) = -248 - 23*t**2 + 2*t**3 - 251 + 13*t + 510 - 12*t**2 + 3*t. What is q(17)?
-6
Let j(o) = -4*o - 1. Let t = 660 - 660. Suppose t = 5*u, 4*b = 6*b + u + 2. What is j(b)?
3
Let t(s) = -6*s + 1. Let r(v) = 4*v + 27. Let b be r(-9). Suppose -2*y = -0*y - 16. Let p = y + b. Determine t(p).
7
Let u be (-6)/27 + 190/45. Let l be u/(16/20) + 3. Let v(z) = z**2 - 8*z - 3. Determine v(l).
-3
Let f(t) = -17*t**2 + 5*t - 3. Let l(d) = -d**2 + 9. Let j(c) = 19*c**2 - 5*c + 21. Let n(h) = j(h) - 2*l(h). Let z(o) = 5*f(o) + 4*n(o). What is z(5)?
-3
Let z(h) = 9*h + 5. Let q(t) = -5*t - 3. Suppose -2*u - 35 = -27. Let x(i) = u*z(i) - 7*q(i). What is x(4)?
-3
Let c(z) be the third derivative of -z**8/6720 + z**7/2520 - 67*z**4/24 - 48*z**2. Let p(r) be the second derivative of c(r). What is p(1)?
0
Let i be 3/4 - 29/(232/14). Let h(m) be the third derivative of -m**6/15 + m**5/60 - m**3/3 + m**2 + 15. Give h(i).
7
Let o(d) = -2 + 33 + 3*d + 7*d - 7*d. Let h be o(-9). Let p(l) be the second derivative of -l**4/12 + 2*l**3/3 + 3*l**2/2 - l. What is p(h)?
3
Let p(c) = -340714*c + 170354*c - 98 + 170354*c. Calculate p(-20).
22
Let q(l) = -21*l**2 + 2*l + 2. Suppose -3*j - 19 = 5*a, -5*a + 5*j + 1429 - 1424 = 0. Give q(a).
-86
Let z = -6547 + 6549. Let n(b) = b**2 - 31*b + 64. Determine n(z).
6
Let j(r) be the third derivative of r**5/30 - r**4/8 + r**3/3 - 2*r**2. Suppose 24*k = -16338 + 4290. Let t = k - -505. Calculate j(t).
11
Let q(r) = -r**2. Let l = 73 + -69. Suppose -5*a = k - 38, -5*a + 3*a = l*k - 26. Let p(n) = n**2 - 9*n + 14. Let v be p(a). Give q(v).
0
Let b(t) = -1437*t**2 + 3*t - 1 + 1423*t**2 - 5*t - 3*t + 4*t. Let z = 2 + 5. Suppose 0 = -5*p + 2 - z. What is b(p)?
-14
Let x(f) = 3. Let c(i) = -i**3 + 4*i**2 - 5*i - 5. Let a(o) = -c(o) - 2*x(o). Give a(4).
19
Let x(t) = -t**3 - 11*t**2 - 9*t + 11. Let y be ((-2268)/504)/((-1)/(-2)). Determine x(y).
-70
Suppose 0 = 194*c - 187*c - 70. Suppose -3*b + 3 = -5*u, -5*b + 5*u + 15 = c. Let j(m) = 17*m**2 - 2*m + 1. Give j(b).
16
Let k(y) be the first derivative of -y**4/4 - 4*y**3 + 6*y**2 - 23*y + 2263. Determine k(-13).
-10
Let v be (-15)/(1/1*-3). Let d be (v/(-6))/5*-30. Let y(x) = -x + 7. Give y(d).
2
Let d(f) = -f**3 + 7*f**2 + 8*f + 2. Let q(z) = z**2 + 15*z + 3. Let l be q(4). Let w = 87 - l. Calculate d(w).
2
Let k(w) be the first derivative of w**4/4 + w**3 - w**2 + w + 626. Give k(-2).
9
Let l be (-13)/(-4) + 2/(-8). Let t(a) = -17*a - 193. Let x(g) = 69*g + 762. Let o(z) = -4*t(z) - x(z). Give o(l).
7
Let n(g) = g**3 - 4*g**2 - 4. Let b be n(3). Let v be 82/8 + b/52. Let u(t) = -t + v*t - 4*t - 11 - 4*t. Determine u(8).
-3
Let o(z) = -z**2 - 12*z + 5. Let p be o(-12). Let y(w) be the third derivative of -w**4/24 - 363*w**2. What is y(p)?
-5
Suppose -790*g + 203 = -761*g. Let z(t) = -t**3 + 8*t**2 - 6*t - 20. Determine z(g).
-13
Let n(p) be the second derivative of p**3/2 - 7*p**2/2 + 760*p. Suppose 4*z + 3*t = -0*z + 44, 2*z - 3*t - 4 = 0. Determine n(z).
17
Let l(h) = 5*h - 1. Let j(b) = -24*b + 2. Let x = 42 - 45. Let w(n) = x*j(n) - 14*l(n). Calculate w(-7).
-6
Let v(f) be the second derivative of 2*f**3/3 + 5*f**2/2 + f. Suppose -3681 = -5*u + 4*z, 11*u - 3*z - 3677 = 6*u. Suppose 0 = -u*t + 737*t + 28. What is v(t)?
-23
Suppose -7*n = -7 - 0. Let q be (-2)/n + (10/(-2) - 0). Let s be 2/q*(-36 - -22). Let z(l) = -l**2 + 7*l - 6. Give z(s).
6
Let m(h) be the first derivative of -h**5/60 + h**4/2 + 4*h**3 + 11*h**2 - 223. Let g(a) be the second derivative of m(a). What is g(14)?
-4
Suppose 5*o + 5996 - 5981 = 0. Let r(q) = 2*q**3 + 4*q**2 - 2*q - 7. Calculate r(o).
-19
Let h(l) = -5*l - l**2 + 2 + 0*l**2 - 4. Suppose -3*b - 2*w = -170 + 192, b = -4*w - 44. Calculate h(b).
-2
Suppose -627*n + 625*n = 4*d - 14, -5*n + 4*d + 35 = 0. Let v(z) = 3*z**2 - 22*z - 3. Determine v(n).
-10
Let m(z) = -29*z**2 + 24*z + 23. Let n(c) = 68*c**2 - 49*c - 47. Let q(h) = -7*m(h) - 3*n(h). Calculate q(-18).
34
Let u(h) = 2*h**2 - 6*h. Let m(v) = v**2 - 139*v + 1174. Let p be m(9). Calculate u(p).
8
Let o(m) be the third derivative of m**6/120 - m**3/2 + 8*m**2 + 16*m. Give o(2).
5
Suppose -2*m = 3 - 13. Suppose 2*r + 8 = -n - 2*r, 3*n = 3*r + 36. Let l(p) = -4 + p + 11 - n. What is l(m)?
4
Let k(t) = 6*t**2 - t + 2. Let h(j) = -2*j**2 + j + 13. Suppose -2*s + 12 = 2*u, -2*u = 4*s - 47 + 29. Let r be h(u). Calculate k(r).
28
Let p be ((-15)/9)/(2/(-6)). Let i = -213 - -246. Suppose 2*z - 4*z - p*y = -9, -4*z + i = -5*y. Let m(j) = j. Determine m(z).
7
Let h(j) = j**3 + 3*j**2 - 2*j. Let v be (2 - -43)*10/25. Suppose -11*z - v = 26. Determine h(z).
-8
Let u(j) = -2*j**3 - 6*j**2 - 2*j - 5. Let r be u(-4). Suppose -m = -6*m + r. Let p(w) = 4*w - 5*w - 7 - 9*w + 3*w - w + w**2. What is p(m)?
-14
Let s be 3/(-5) - 325/(-125). Let q(o) = s - 7 + 0*o + 2 + o. Let p(k) = 4*k - 3. Let w be p(2). What is q(w)?
2
Let o(z) = -7*z - 1. Let w be o(1). Let c(l) = -l**2 - 2*l + 1. Let v(q) = 7*q**2 + 22*q + 4. Let b(r) = 6*c(r) + v(r). Calculate b(w).
-6
Let a(x) = -21*x**2 - 2*x + 2. Suppose 90 = 188*n - 98*n. Calculate a(n).
-21
Let r(s) = -8*s**3 + 26*s**2 + 27*s - 29. Let v(y) = -3*y**3 + 14*y**2 + 14*y - 15. Let d(m) = -2*r(m) + 5*v(m). Determine d(-17).
0
Let w(y) = -y**2 - 12*y - 4. Suppose 10*s + 48 = 28. Let m be 10/s + 6 - 6. Give w(m).
31
Let k = -22 - -29. Suppose k = -y + 17. Let a(l) = 3 + y*l - 2 + 10*l - 21*l. Determine a(1).
0
Let u(l) = -2*l**2 + 2*l - 1. Let b(w) be the first derivative of -w**4/4 - 2*w**3 - 3*w**2 + 18*w + 67. Let v(j) = b(j) + 4*u(j). What is v(-14)?
-14
Let r(g) = -g**2 - 21*g - 12. Let x(c) = 2*c**2 + 25*c + 11. Let t(z) = -3*r(z) - 2*x(z). Give t(10).
44
Let r(t) = -t**3 + 2*t**2 + 20*t + 8. Suppose -6*x - 4*n = -10*x + 12, -x = -2*n. Determine r(x).
-16
Let a(d) = -4*d**3 - 8*d**2 + 2*d + 5. Let v(h) = 7*h**3 + 15*h**2 - 5*h - 7. Let m(y) = 5*a(y) + 3*v(y). Give m(-4).
40
Let u = -192 - -191. Let m(q) be the third derivative of 0*q - 1/2*q**4 - 8*q**2 + 0*q**3 + 0. Calculate m(u).
12
Let i(y) = -9*y - 53. Let r(l) = -l**3 - 11*l**2 - 19*l + 35. Let z be r(-8). Calculate i(z).
-8
Let m(o) be the first derivative of -o**5/120 - 11*o**4/24 - 5*o**3/3 - 2*o - 5. Let g(j) be the third derivative of m(j). What is g(-8)?
-3
Let i(w) = w**2 + 4*w - 97. S